{"id":198,"date":"2025-08-31T20:08:17","date_gmt":"2025-08-31T20:08:17","guid":{"rendered":"https:\/\/xn--kamnalen-74a.dk\/?page_id=198"},"modified":"2026-03-17T12:38:11","modified_gmt":"2026-03-17T12:38:11","slug":"for-medlemmer","status":"publish","type":"page","link":"https:\/\/xn--kamnalen-74a.dk\/?page_id=198","title":{"rendered":"For Medlemmer"},"content":{"rendered":"<nav class=\"is-responsive wp-block-navigation is-layout-flex wp-block-navigation-is-layout-flex\" aria-label=\"Menu\" \n\t\t data-wp-interactive=\"core\/navigation\" data-wp-context='{\"overlayOpenedBy\":{\"click\":false,\"hover\":false,\"focus\":false},\"type\":\"overlay\",\"roleAttribute\":\"\",\"ariaLabel\":\"Menu\"}'><button aria-haspopup=\"dialog\" aria-label=\"\u00c5bn menu\" class=\"wp-block-navigation__responsive-container-open\" \n\t\t\t\tdata-wp-on--click=\"actions.openMenuOnClick\"\n\t\t\t\tdata-wp-on--keydown=\"actions.handleMenuKeydown\"\n\t\t\t><svg width=\"24\" height=\"24\" xmlns=\"http:\/\/www.w3.org\/2000\/svg\" viewBox=\"0 0 24 24\" aria-hidden=\"true\" focusable=\"false\"><path d=\"M4 7.5h16v1.5H4z\"><\/path><path d=\"M4 15h16v1.5H4z\"><\/path><\/svg><\/button>\n\t\t\t\t<div class=\"wp-block-navigation__responsive-container\"  id=\"modal-1\" \n\t\t\t\tdata-wp-class--has-modal-open=\"state.isMenuOpen\"\n\t\t\t\tdata-wp-class--is-menu-open=\"state.isMenuOpen\"\n\t\t\t\tdata-wp-watch=\"callbacks.initMenu\"\n\t\t\t\tdata-wp-on--keydown=\"actions.handleMenuKeydown\"\n\t\t\t\tdata-wp-on--focusout=\"actions.handleMenuFocusout\"\n\t\t\t\ttabindex=\"-1\"\n\t\t\t>\n\t\t\t\t\t<div class=\"wp-block-navigation__responsive-close\" tabindex=\"-1\">\n\t\t\t\t\t\t<div class=\"wp-block-navigation__responsive-dialog\" \n\t\t\t\tdata-wp-bind--aria-modal=\"state.ariaModal\"\n\t\t\t\tdata-wp-bind--aria-label=\"state.ariaLabel\"\n\t\t\t\tdata-wp-bind--role=\"state.roleAttribute\"\n\t\t\t>\n\t\t\t\t\t\t\t<button aria-label=\"Luk menu\" class=\"wp-block-navigation__responsive-container-close\" \n\t\t\t\tdata-wp-on--click=\"actions.closeMenuOnClick\"\n\t\t\t><svg xmlns=\"http:\/\/www.w3.org\/2000\/svg\" viewBox=\"0 0 24 24\" width=\"24\" height=\"24\" aria-hidden=\"true\" focusable=\"false\"><path d=\"m13.06 12 6.47-6.47-1.06-1.06L12 10.94 5.53 4.47 4.47 5.53 10.94 12l-6.47 6.47 1.06 1.06L12 13.06l6.47 6.47 1.06-1.06L13.06 12Z\"><\/path><\/svg><\/button>\n\t\t\t\t\t\t\t<div class=\"wp-block-navigation__responsive-container-content\" \n\t\t\t\tdata-wp-watch=\"callbacks.focusFirstElement\"\n\t\t\t id=\"modal-1-content\">\n\t\t\t\t\t\t\t\t<ul class=\"wp-block-navigation__container is-responsive wp-block-navigation\"><li class=\" wp-block-navigation-item wp-block-navigation-link\"><a class=\"wp-block-navigation-item__content\"  href=\"https:\/\/xn--kamnalen-74a.dk\/?page_id=80\"><span class=\"wp-block-navigation-item__label\">Sendeplan<\/span><\/a><\/li><li class=\" wp-block-navigation-item wp-block-navigation-link\"><a class=\"wp-block-navigation-item__content\"  href=\"#\"><span class=\"wp-block-navigation-item__label\">Opslagstavle<\/span><span class=\"wp-block-navigation-item__description\">Nyheder, muligheder, events, annonsering<\/span><\/a><\/li><li class=\" wp-block-navigation-item wp-block-navigation-link\"><a class=\"wp-block-navigation-item__content\"  href=\"#\"><span class=\"wp-block-navigation-item__label\">Bli sponsor<\/span><span class=\"wp-block-navigation-item__description\">Medlemsskab &amp; sponsorater<\/span><\/a><\/li><li class=\" wp-block-navigation-item wp-block-navigation-link\"><a class=\"wp-block-navigation-item__content\"  href=\"https:\/\/xn--kamnalen-74a.dk\/?page_id=198\"><span class=\"wp-block-navigation-item__label\">For medlemmer<\/span><\/a><\/li><li class=\" wp-block-navigation-item wp-block-navigation-link\"><a class=\"wp-block-navigation-item__content\"  href=\"https:\/\/xn--kamnalen-74a.dk\/?page_id=44\"><span class=\"wp-block-navigation-item__label\">Om KAM\u00d8NALEN<\/span><\/a><\/li><li class=\"wp-block-navigation-item\">\n<ul class=\"wp-block-social-links has-icon-color is-style-logos-only is-horizontal is-content-justification-left is-nowrap is-layout-flex wp-container-core-social-links-is-layout-7263b898 wp-block-social-links-is-layout-flex\"><li style=\"color:var(--wp--preset--color--ti-fg);\" class=\"wp-social-link wp-social-link-facebook has-ti-fg-color wp-block-social-link\"><a href=\"#\" class=\"wp-block-social-link-anchor\"><svg width=\"24\" height=\"24\" viewBox=\"0 0 24 24\" version=\"1.1\" xmlns=\"http:\/\/www.w3.org\/2000\/svg\" aria-hidden=\"true\" focusable=\"false\"><path d=\"M12 2C6.5 2 2 6.5 2 12c0 5 3.7 9.1 8.4 9.9v-7H7.9V12h2.5V9.8c0-2.5 1.5-3.9 3.8-3.9 1.1 0 2.2.2 2.2.2v2.5h-1.3c-1.2 0-1.6.8-1.6 1.6V12h2.8l-.4 2.9h-2.3v7C18.3 21.1 22 17 22 12c0-5.5-4.5-10-10-10z\"><\/path><\/svg><span class=\"wp-block-social-link-label screen-reader-text\">Facebook<\/span><\/a><\/li>\n\n<li style=\"color:var(--wp--preset--color--ti-fg);\" class=\"wp-social-link wp-social-link-instagram has-ti-fg-color wp-block-social-link\"><a href=\"#\" class=\"wp-block-social-link-anchor\"><svg width=\"24\" height=\"24\" viewBox=\"0 0 24 24\" version=\"1.1\" xmlns=\"http:\/\/www.w3.org\/2000\/svg\" aria-hidden=\"true\" focusable=\"false\"><path d=\"M12,4.622c2.403,0,2.688,0.009,3.637,0.052c0.877,0.04,1.354,0.187,1.671,0.31c0.42,0.163,0.72,0.358,1.035,0.673 c0.315,0.315,0.51,0.615,0.673,1.035c0.123,0.317,0.27,0.794,0.31,1.671c0.043,0.949,0.052,1.234,0.052,3.637 s-0.009,2.688-0.052,3.637c-0.04,0.877-0.187,1.354-0.31,1.671c-0.163,0.42-0.358,0.72-0.673,1.035 c-0.315,0.315-0.615,0.51-1.035,0.673c-0.317,0.123-0.794,0.27-1.671,0.31c-0.949,0.043-1.233,0.052-3.637,0.052 s-2.688-0.009-3.637-0.052c-0.877-0.04-1.354-0.187-1.671-0.31c-0.42-0.163-0.72-0.358-1.035-0.673 c-0.315-0.315-0.51-0.615-0.673-1.035c-0.123-0.317-0.27-0.794-0.31-1.671C4.631,14.688,4.622,14.403,4.622,12 s0.009-2.688,0.052-3.637c0.04-0.877,0.187-1.354,0.31-1.671c0.163-0.42,0.358-0.72,0.673-1.035 c0.315-0.315,0.615-0.51,1.035-0.673c0.317-0.123,0.794-0.27,1.671-0.31C9.312,4.631,9.597,4.622,12,4.622 M12,3 C9.556,3,9.249,3.01,8.289,3.054C7.331,3.098,6.677,3.25,6.105,3.472C5.513,3.702,5.011,4.01,4.511,4.511 c-0.5,0.5-0.808,1.002-1.038,1.594C3.25,6.677,3.098,7.331,3.054,8.289C3.01,9.249,3,9.556,3,12c0,2.444,0.01,2.751,0.054,3.711 c0.044,0.958,0.196,1.612,0.418,2.185c0.23,0.592,0.538,1.094,1.038,1.594c0.5,0.5,1.002,0.808,1.594,1.038 c0.572,0.222,1.227,0.375,2.185,0.418C9.249,20.99,9.556,21,12,21s2.751-0.01,3.711-0.054c0.958-0.044,1.612-0.196,2.185-0.418 c0.592-0.23,1.094-0.538,1.594-1.038c0.5-0.5,0.808-1.002,1.038-1.594c0.222-0.572,0.375-1.227,0.418-2.185 C20.99,14.751,21,14.444,21,12s-0.01-2.751-0.054-3.711c-0.044-0.958-0.196-1.612-0.418-2.185c-0.23-0.592-0.538-1.094-1.038-1.594 c-0.5-0.5-1.002-0.808-1.594-1.038c-0.572-0.222-1.227-0.375-2.185-0.418C14.751,3.01,14.444,3,12,3L12,3z M12,7.378 c-2.552,0-4.622,2.069-4.622,4.622S9.448,16.622,12,16.622s4.622-2.069,4.622-4.622S14.552,7.378,12,7.378z M12,15 c-1.657,0-3-1.343-3-3s1.343-3,3-3s3,1.343,3,3S13.657,15,12,15z M16.804,6.116c-0.596,0-1.08,0.484-1.08,1.08 s0.484,1.08,1.08,1.08c0.596,0,1.08-0.484,1.08-1.08S17.401,6.116,16.804,6.116z\"><\/path><\/svg><span class=\"wp-block-social-link-label screen-reader-text\">Instagram<\/span><\/a><\/li><\/ul>\n<\/li><\/ul>\n\t\t\t\t\t\t\t<\/div>\n\t\t\t\t\t\t<\/div>\n\t\t\t\t\t<\/div>\n\t\t\t\t<\/div><\/nav>\n\n\n<div class=\"wp-block-media-text is-stacked-on-mobile is-vertically-aligned-center is-image-fill-element\" style=\"grid-template-columns:24% auto\"><figure class=\"wp-block-media-text__media\"><img loading=\"lazy\" decoding=\"async\" width=\"768\" height=\"1024\" src=\"https:\/\/xn--kamnalen-74a.dk\/wp-content\/uploads\/2025\/08\/hat_merch-768x1024.png\" alt=\"\" class=\"wp-image-218 size-large\" style=\"object-position:50% 50%\" srcset=\"https:\/\/xn--kamnalen-74a.dk\/wp-content\/uploads\/2025\/08\/hat_merch-768x1024.png 768w, https:\/\/xn--kamnalen-74a.dk\/wp-content\/uploads\/2025\/08\/hat_merch-225x300.png 225w, https:\/\/xn--kamnalen-74a.dk\/wp-content\/uploads\/2025\/08\/hat_merch-1152x1536.png 1152w, https:\/\/xn--kamnalen-74a.dk\/wp-content\/uploads\/2025\/08\/hat_merch-1536x2048.png 1536w, https:\/\/xn--kamnalen-74a.dk\/wp-content\/uploads\/2025\/08\/hat_merch-scaled.png 1920w\" sizes=\"auto, (max-width: 768px) 100vw, 768px\" \/><\/figure><div class=\"wp-block-media-text__content\">\n<h3 class=\"wp-block-heading\">Bliv medlem af M\u00f8n Multimedia Forening<\/h3>\n<\/div><\/div>\n\n\n\n<p>M\u00f8n Multimedia Forening er en&nbsp;ikke-kommerciell lokal medieakt\u00f8r. <br>Kam\u00f8nalen TV-kanal drives af M\u00f8n Multimedia Forening &#8211; en forening for alle os der har lyst til at fort\u00e6lle historier om vores smukke lokalomr\u00e5de. Vores medlemmer udg\u00f8r kernen i foreningen og bidrager aktivt til vores f\u00e6llesskab og form\u00e5l.&nbsp;<\/p>\n\n\n\n<h2 class=\"wp-block-heading\">Hvad f\u00e5r du som medlem?<\/h2>\n\n\n\n<h3 class=\"wp-block-heading\"><strong>Kurser og uddannelse<\/strong><\/h3>\n\n\n\n<ul class=\"wp-block-list\">\n<li>Deltag i praktiske kurser i TV-produktion og indholdsudvikling<\/li>\n\n\n\n<li>L\u00e6r at producere professionelt indhold med din egen mobilkamera<\/li>\n\n\n\n<li>Workshop i storytelling og lokaljournalistik (2026)<\/li>\n\n\n\n<li>Teknisk tr\u00e6ning i kameraf\u00f8ring, lyd og redigering (2025)<\/li>\n<\/ul>\n\n\n\n<h3 class=\"wp-block-heading\"><strong>Adgang til udstyr<\/strong><\/h3>\n\n\n\n<ul class=\"wp-block-list\">\n<li>L\u00e6r at bruke professionelt kamera- og lydudstyr <\/li>\n\n\n\n<li>Adgang til foreningens redigeringsv\u00e6rkt\u00f8jer i vores lokaler<\/li>\n\n\n\n<li>Brug af studieudstyr til optagelser (2026)<\/li>\n<\/ul>\n\n\n\n<h3 class=\"wp-block-heading\"><strong>F\u00e6llesskab og indflydelse<\/strong><\/h3>\n\n\n\n<ul class=\"wp-block-list\">\n<li>Deltag i m\u00e5nedlige redaktionsm\u00f8der<\/li>\n\n\n\n<li>Netv\u00e6rk med andre lokale historiefort\u00e6llere<\/li>\n<\/ul>\n\n\n\n<h2 class=\"wp-block-heading\">Medlemskaber<\/h2>\n\n\n\n<p><strong>Aktivt medlemskab pr. halv\u00e5r<\/strong> &#8211; privatperson<br>Unge ind til 25 \u00e5r, kr. 200,- <br>over 25 \u00e5r kr. 300 kr.<\/p>\n\n\n\n<ul class=\"wp-block-list\">\n<li>Alle ovenst\u00e5ende fordele<\/li>\n\n\n\n<li>Mulighed at publicere 1-15 min filminnslag i KAM\u00d8NALEN INFO<\/li>\n\n\n\n<li>Rabataftaler hos foreningens sponsorer<\/li>\n\n\n\n<li>Prioriteret adgang til specielle events og optagelser<\/li>\n\n\n\n<li>Mulighed for at pitche dine egne programid\u00e9er<\/li>\n\n\n\n<li>Stemmeret til generalforsamling<\/li>\n\n\n\n<li>Mulighed for at blive valgt til bestyrelsen<\/li>\n<\/ul>\n\n\n\n<p><strong>Foreningsmedlemskab<\/strong><\/p>\n\n\n\n<ul class=\"wp-block-list\">\n<li>Mulighed at publicere 1-3 min filminnslag i KAM\u00d8NALEN INFO<\/li>\n\n\n\n<li>Prioriteret adgang til specielle events og optagelser<\/li>\n\n\n\n<li>Netv\u00e6rk med andre lokale historiefort\u00e6llere<\/li>\n<\/ul>\n\n\n\n<p><strong>Virksomhetsmedlemskab<\/strong><\/p>\n\n\n\n<ul class=\"wp-block-list\">\n<li>Mulighed at publicere 1-3 min filminnslag i KAM\u00d8NALEN INFO<\/li>\n\n\n\n<li>Prioriteret adgang til specielle events og optagelser<\/li>\n\n\n\n<li>Netv\u00e6rk med andre lokale historiefort\u00e6llere<\/li>\n<\/ul>\n\n\n\n<p><strong>St\u00f8ttemedlemskab<\/strong> &#8211; 250 kr. \u00e5rligt<\/p>\n\n\n\n<ul class=\"wp-block-list\">\n<li>St\u00f8t foreningens arbejde<\/li>\n\n\n\n<li>Invitation til medlemsarrangementer<\/li>\n<\/ul>\n\n\n\n<h2 class=\"wp-block-heading\">Bliv en del af M\u00f8ns mediehistorie<\/h2>\n\n\n\n<p>Som medlem af M\u00f8n Multimedia Forening bliver du en del af et unikt f\u00e6llesskab, der arbejder for at synligg\u00f8re region \u00f8st sine mange interessante historier, mennesker og steder. Uanset om du er nybegynder eller erfaren, er der plads til dig.<\/p>\n\n\n\n<p>Vi tror p\u00e5, at de bedste historier opst\u00e5r, n\u00e5r lokale mennesker fort\u00e6ller om det, de br\u00e6nder for. Med public access som en vigtig del af vores tilladelse, \u00f8nsker vi at give alle borgerei kommunen mulighed for at komme til orde.<\/p>\n\n\n\n<hr class=\"wp-block-separator has-alpha-channel-opacity\"\/>\n\n\n\n<p><strong>Vil du v\u00e6re med?<\/strong><br>Kontakt os p\u00e5 info@kam\u00f8nalen.dk <\/p>\n\n\n\n<h2 class=\"wp-block-heading\">Nyheder for Medlemmer<\/h2>\n\n\n\n<figure class=\"wp-block-image size-large\"><img loading=\"lazy\" decoding=\"async\" width=\"724\" height=\"1024\" src=\"https:\/\/xn--kamnalen-74a.dk\/wp-content\/uploads\/2026\/03\/Indkaldelse_Generalforsamling_KAMOeNALEN_30marts2026_1-1-724x1024.jpg\" alt=\"\" class=\"wp-image-357\" srcset=\"https:\/\/xn--kamnalen-74a.dk\/wp-content\/uploads\/2026\/03\/Indkaldelse_Generalforsamling_KAMOeNALEN_30marts2026_1-1-724x1024.jpg 724w, https:\/\/xn--kamnalen-74a.dk\/wp-content\/uploads\/2026\/03\/Indkaldelse_Generalforsamling_KAMOeNALEN_30marts2026_1-1-212x300.jpg 212w, https:\/\/xn--kamnalen-74a.dk\/wp-content\/uploads\/2026\/03\/Indkaldelse_Generalforsamling_KAMOeNALEN_30marts2026_1-1-768x1087.jpg 768w, https:\/\/xn--kamnalen-74a.dk\/wp-content\/uploads\/2026\/03\/Indkaldelse_Generalforsamling_KAMOeNALEN_30marts2026_1-1-1085x1536.jpg 1085w, https:\/\/xn--kamnalen-74a.dk\/wp-content\/uploads\/2026\/03\/Indkaldelse_Generalforsamling_KAMOeNALEN_30marts2026_1-1-1447x2048.jpg 1447w, https:\/\/xn--kamnalen-74a.dk\/wp-content\/uploads\/2026\/03\/Indkaldelse_Generalforsamling_KAMOeNALEN_30marts2026_1-1-scaled.jpg 1809w\" sizes=\"auto, (max-width: 724px) 100vw, 724px\" \/><\/figure>\n","protected":false},"excerpt":{"rendered":"<p>Bliv medlem af M\u00f8n Multimedia Forening M\u00f8n Multimedia Forening er en&nbsp;ikke-kommerciell lokal medieakt\u00f8r. Kam\u00f8nalen TV-kanal drives af M\u00f8n Multimedia Forening &#8211; en forening for alle os der har lyst til at fort\u00e6lle historier om vores smukke lokalomr\u00e5de. Vores medlemmer udg\u00f8r kernen i foreningen og bidrager aktivt til vores f\u00e6llesskab og form\u00e5l.&nbsp; Hvad f\u00e5r du som [&hellip;]<\/p>\n","protected":false},"author":1,"featured_media":0,"parent":0,"menu_order":0,"comment_status":"closed","ping_status":"closed","template":"","meta":{"footnotes":""},"class_list":["post-198","page","type-page","status-publish","hentry"],"_links":{"self":[{"href":"https:\/\/xn--kamnalen-74a.dk\/index.php?rest_route=\/wp\/v2\/pages\/198","targetHints":{"allow":["GET"]}}],"collection":[{"href":"https:\/\/xn--kamnalen-74a.dk\/index.php?rest_route=\/wp\/v2\/pages"}],"about":[{"href":"https:\/\/xn--kamnalen-74a.dk\/index.php?rest_route=\/wp\/v2\/types\/page"}],"author":[{"embeddable":true,"href":"https:\/\/xn--kamnalen-74a.dk\/index.php?rest_route=\/wp\/v2\/users\/1"}],"replies":[{"embeddable":true,"href":"https:\/\/xn--kamnalen-74a.dk\/index.php?rest_route=%2Fwp%2Fv2%2Fcomments&post=198"}],"version-history":[{"count":18,"href":"https:\/\/xn--kamnalen-74a.dk\/index.php?rest_route=\/wp\/v2\/pages\/198\/revisions"}],"predecessor-version":[{"id":359,"href":"https:\/\/xn--kamnalen-74a.dk\/index.php?rest_route=\/wp\/v2\/pages\/198\/revisions\/359"}],"wp:attachment":[{"href":"https:\/\/xn--kamnalen-74a.dk\/index.php?rest_route=%2Fwp%2Fv2%2Fmedia&parent=198"}],"curies":[{"name":"wp","href":"https:\/\/api.w.org\/{rel}","templated":true}]}}